ors of 88675?
5, 3547
List the prime factors of 4263.
3, 7, 29
What are the prime factors of 4990?
2, 5, 499
List the prime factors of 11854.
2, 5927
What are the prime factors of 1309?
7, 11, 17
What are the prime factors of 105?
3, 5, 7
What are the prime factors of 129509?
129509
What are the prime factors of 36957?
3, 97, 127
What are the prime factors of 106287?
3, 71, 499
What are the prime factors of 4018?
2, 7, 41
What are the prime factors of 30063?
3, 11, 911
What are the prime factors of 56917?
7, 47, 173
List the prime factors of 8303.
19, 23
List the prime factors of 7160.
2, 5, 179
List the prime factors of 37151.
97, 383
What are the prime factors of 1554?
2, 3, 7, 37
What are the prime factors of 11643?
3, 3881
List the prime factors of 2264.
2, 283
What are the prime factors of 5689?
5689
List the prime factors of 81745.
5, 16349
What are the prime factors of 46997?
46997
What are the prime factors of 12361?
47, 263
What are the prime factors of 30315?
3, 5, 43, 47
What are the prime factors of 65637?
3, 11, 13, 17
What are the prime factors of 24447?
3, 29, 281
What are the prime factors of 17681?
17681
What are the prime factors of 3316?
2, 829
List the prime factors of 2488.
2, 311
What are the prime factors of 417?
3, 139
What are the prime factors of 2924?
2, 17, 43
List the prime factors of 42698.
2, 37, 577
List the prime factors of 1704.
2, 3, 71
List the prime factors of 2566.
2, 1283
What are the prime factors of 70228?
2, 97, 181
What are the prime factors of 2922?
2, 3, 487
List the prime factors of 2517.
3, 839
What are the prime factors of 182?
2, 7, 13
What are the prime factors of 10114?
2, 13, 389
List the prime factors of 28881.
3, 3209
What are the prime factors of 4392?
2, 3, 61
What are the prime factors of 19734?
2, 3, 11, 13, 23
List the prime factors of 3781.
19, 199
What are the prime factors of 7497?
3, 7, 17
What are the prime factors of 21791?
7, 11, 283
What are the prime factors of 60461?
103, 587
List the prime factors of 1901.
1901
List the prime factors of 3197.
23, 139
What are the prime factors of 2785?
5, 557
What are the prime factors of 3565?
5, 23, 31
What are the prime factors of 28014?
2, 3, 7, 23, 29
List the prime factors of 26568.
2, 3, 41
What are the prime factors of 22453?
22453
What are the prime factors of 3535?
5, 7, 101
What are the prime factors of 46631?
13, 17, 211
List the prime factors of 10438.
2, 17, 307
List the prime factors of 1809.
3, 67
List the prime factors of 846.
2, 3, 47
List the prime factors of 38643.
3, 11, 1171
List the prime factors of 20741.
7, 2963
List the prime factors of 738.
2, 3, 41
What are the prime factors of 9511?
9511
What are the prime factors of 96303?
3, 47, 683
List the prime factors of 24326.
2, 12163
What are the prime factors of 16567?
16567
What are the prime factors of 6812?
2, 13, 131
List the prime factors of 8942.
2, 17, 263
What are the prime factors of 419?
419
List the prime factors of 13837.
101, 137
What are the prime factors of 828?
2, 3, 23
List the prime factors of 292.
2, 73
What are the prime factors of 2082?
2, 3, 347
What are the prime factors of 15014?
2, 7507
What are the prime factors of 43873?
73, 601
List the prime factors of 2900.
2, 5, 29
What are the prime factors of 1586?
2, 13, 61
List the prime factors of 25312.
2, 7, 113
What are the prime factors of 14400?
2, 3, 5
What are the prime factors of 13025?
5, 521
What are the prime factors of 4320?
2, 3, 5
List the prime factors of 4446.
2, 3, 13, 19
List the prime factors of 12596.
2, 47, 67
What are the prime factors of 12043?
12043
List the prime factors of 800.
2, 5
What are the prime factors of 49541?
107, 463
List the prime factors of 19165.
5, 3833
What are the prime factors of 18505?
5, 3701
List the prime factors of 32147.
17, 31, 61
What are the prime factors of 1698?
2, 3, 283
What are the prime factors of 22911?
3, 7, 1091
What are the prime factors of 16245?
3, 5, 19
What are the prime factors of 1228?
2, 307
List the prime factors of 384.
2, 3
List the prime factors of 45988.
2, 11497
What are the prime factors of 956?
2, 239
What are the prime factors of 2993?
41, 73
What are the prime factors of 3574?
2, 1787
List the prime factors of 455.
5, 7, 13
List the prime factors of 1311.
3, 19, 23
List the prime factors of 1597.
1597
What are the prime factors of 2257?
37, 61
What are the prime factors of 3783?
3, 13, 97
List the prime factors of 91400.
2, 5, 457
What are the prime factors of 113653?
89, 1277
List the prime factors of 5183.
71, 73
List the prime factors of 2535.
3, 5, 13
List the prime factors of 16722.
2, 3, 929
List the prime factors of 72.
2, 3
List the prime factors of 11295.
3, 5, 251
What are the prime factors of 1107?
3, 41
List the prime factors of 12.
2, 3
What are the prime factors of 27932?
2, 6983
List the prime factors of 223.
223
List the prime factors of 677.
677
List the prime factors of 42534.
2, 3, 17, 139
What are the prime factors of 7206?
2, 3, 1201
What are the prime factors of 27269?
11, 37, 67
List the prime factors of 72169.
72169
What are the prime factors of 16150?
2, 5, 17, 19
What are the prime factors of 8807?
8807
What are the prime factors of 1554?
2, 3, 7, 37
What are the prime factors of 8478?
2, 3, 157
What are the prime factors of 6881?
7, 983
List the prime factors of 18186.
2, 3, 7, 433
What are the prime factors of 15236?
2, 13, 293
What are the prime factors of 106104?
2, 3, 4421
List the prime factors of 2310.
2, 3, 5, 7, 11
What are the prime factors of 49893?
3, 16631
List the prime factors of 33483.
3, 11161
What are the prime factors of 5387?
5387
What are the prime factors of 1069?
1069
List the prime factors of 2004.
2, 3, 167
What are the prime factors of 12313?
7, 1759
List the prime factors of 29513.
11, 2683
List the prime factors of 710.
2, 5, 71
List the prime factors of 1042.
2, 521
What are the prime factors of 70480?
2, 5, 881
List the prime factors of 22358.
2, 7, 1597
List the prime factors of 3887.
13, 23
List the prime factors of 1655.
5, 331
List the prime factors of 88848.
2, 3, 617
List the prime factors of 3901.
47, 83
List the prime factors of 1172.
2, 293
List the prime factors of 14315.
5, 7, 409
What are the prime factors of 1551?
3, 11, 47
What are the prime factors of 5117?
7, 17, 43
What are the prime factors of 63714?
2, 3, 7, 37, 41
What are the prime factors of 674?
2, 337
What are the prime factors of 22238?
2, 11119
List the prime factors of 5126.
2, 11, 233
What are the prime factors of 9006?
2, 3, 19, 79
What are the prime factors of 93882?
2, 3, 15647
List the prime factors of 3264.
2, 3, 17
List the prime factors of 56240.
2, 5, 19, 37
What are the prime factors of 7282?
2, 11, 331
List the prime factors of 44718.
2, 3, 29, 257
List the prime factors of 19.
19
List the prime factors of 65440.
2, 5, 409
What are the prime factors of 1870?
2, 5, 11, 17
What are the prime factors of 699?
3, 233
List the prime factors of 278.
2, 139
What are the prime factors of 39923?
13, 37, 83
List the prime factors of 127036.
2, 7, 13, 349
What are the prime factors of 510?
2, 3, 5, 17
List the prime factors of 12591.
3, 1399
List the prime factors of 2379.
3, 13, 61
List the prime factors of 39637.
13, 3049
What are the prime factors of 74674?
2, 37337
What are the prime factors of 2265?
3, 5, 151
What are the prime factors of 1597?
1597
List the prime factors of 35142.
2, 3, 5857
What are the prime factors of 113972?
2, 28493
What are the prime factors of 5087?
5087
What are the prime factors of 36950?
2, 5, 739
What are the prime factors of 1538?
2, 769
What are the prime factors of 765?
3, 5, 17
List the prime factors of 3288.
2, 3, 137
List the prime factors of 8255.
5, 13, 127
List the prime factors of 7260.
2, 3, 5, 11
List the prime factors of 16469.
43, 383
What are the prime factors of 42925?
5, 17, 101
List the prime factors of 436.
2, 109
List the prime factors of 13344.
2, 3, 139
What are the prime factors of 27431?
27431
What are the prime factors of 8203?
13, 631
What are the prime factors of 6010?
2, 5, 601
What are the prime factors of 1104?
2, 3, 23
What are the prime factors of 48842?
2, 24421
List the prime factors of 55767.
3, 29, 641
What are the pri